30122
In base 5, what is 34 + 20201?
20240
In base 3, what is -1 + 11110?
11102
In base 9, what is -17 + 13?
-4
In base 3, what is 10 + -2111?
-2101
In base 16, what is -2b - -2?
-29
In base 6, what is -25 - -11?
-14
In base 11, what is -2 - -281?
27a
In base 14, what is 289 + -3?
286
In base 13, what is b5 - -4?
b9
In base 15, what is -4ba + 5?
-4b5
In base 7, what is 130 + -23?
104
In base 3, what is -1 - 22?
-100
In base 13, what is -14 - 3?
-17
In base 8, what is 23 + 26?
51
In base 12, what is -81 - 3?
-84
In base 6, what is 14 - 350?
-332
In base 2, what is 1011001111 + 100?
1011010011
In base 5, what is 4 - -3334?
3343
In base 12, what is -2 - -173?
171
In base 16, what is -1b92 + 5?
-1b8d
In base 4, what is -1 + 1312?
1311
In base 15, what is -3 + 25?
22
In base 8, what is 313 - 2?
311
In base 12, what is 0 - 10?
-10
In base 6, what is -1 - -214?
213
In base 16, what is b18 + 2?
b1a
In base 10, what is -5 - -9?
4
In base 11, what is 5 - -54?
59
In base 10, what is -59 - -9?
-50
In base 8, what is 3505 + -4?
3501
In base 10, what is -1 - -1346?
1345
In base 11, what is -3a2 + 25?
-378
In base 14, what is -340 - 2?
-342
In base 10, what is 2 + -35?
-33
In base 13, what is 86 + -17?
6c
In base 6, what is 20 + 15?
35
In base 8, what is -1146 + 5?
-1141
In base 12, what is 11a + 1?
11b
In base 14, what is -3d + 14?
-29
In base 13, what is -3 + 66?
63
In base 16, what is -2 - 2f?
-31
In base 11, what is -1 + -6588?
-6589
In base 2, what is 10001010110 - -10?
10001011000
In base 14, what is -29 + -8?
-33
In base 9, what is -2028 + 3?
-2025
In base 4, what is -3203 - 3?
-3212
In base 2, what is -11 + 1011100?
1011001
In base 14, what is 3bd5 + 4?
3bd9
In base 15, what is 4 + 731?
735
In base 16, what is 3e3 - -4?
3e7
In base 3, what is 22 - -101112?
101211
In base 13, what is 2 + 3c?
41
In base 2, what is 10110001 + -100?
10101101
In base 9, what is -27 + -33?
-61
In base 9, what is -18 - 666?
-685
In base 2, what is -1000001100010 - 100?
-1000001100110
In base 7, what is -2 + 661?
656
In base 5, what is 3 - -2313?
2321
In base 11, what is 5 - 2746?
-2741
In base 14, what is 0 + 3c?
3c
In base 9, what is -2256 - -8?
-2247
In base 9, what is -58 - -50?
-8
In base 7, what is 315 + 1?
316
In base 5, what is -122312 + -4?
-122321
In base 12, what is -3 - 33?
-36
In base 5, what is 210404 + 0?
210404
In base 14, what is -108a - -2?
-1088
In base 10, what is 111 - 50?
61
In base 9, what is -2132 + 1?
-2131
In base 6, what is 3 - 5?
-2
In base 11, what is -5 + -1342?
-1347
In base 9, what is 4 - -3?
7
In base 6, what is 10 - 44?
-34
In base 15, what is 19d - 5?
198
In base 9, what is -7 - -35?
27
In base 3, what is -2 - 10112?
-10121
In base 9, what is -2 + 3766?
3764
In base 8, what is -3 - -312?
307
In base 9, what is -416 + -3?
-420
In base 2, what is -1 + 100000?
11111
In base 15, what is -2 + 1a79?
1a77
In base 14, what is -1 + 102?
101
In base 9, what is -4 + -11?
-15
In base 11, what is -15620 + 1?
-1561a
In base 4, what is -121223 + 3?
-121220
In base 16, what is 4 + 3a5?
3a9
In base 9, what is 101 + -3?
87
In base 12, what is -28 - 5?
-31
In base 4, what is 12 + -20212?
-20200
In base 3, what is -22 - 1101002?
-1101101
In base 3, what is -10121 + 2?
-10112
In base 15, what is -488 - 0?
-488
In base 15, what is 1 - 33?
-32
In base 8, what is -260 - 13?
-273
In base 9, what is -42436 - -1?
-42435
In base 14, what is -50 - -c?
-42
In base 6, what is 31341 + 3?
31344
In base 14, what is 6 - -5?
b
In base 11, what is -70 - -3?
-68
In base 14, what is -7 + 19b?
194
In base 12, what is 4 - 102?
-ba
In base 12, what is 1 + -65a?
-659
In base 2, what is 10 - 1111010?
-1111000
In base 10, what is 3 - 5091?
-5088
In base 3, what is 10 - 20011?
-20001
In base 5, what is -1340 - 3?
-1343
In base 7, what is -4 - 12204?
-12211
In base 13, what is 7 + 577?
581
In base 16, what is -3 + -19be?
-19c1
In base 12, what is 2 + -1ab?
-1a9
In base 9, what is 714 + -1?
713
In base 8, what is 413 - 2?
411
In base 13, what is 6bb + -2?
6b9
In base 8, what is -15 + 11?
-4
In base 12, what is -8 - -35?
29
In base 12, what is 1446 - 3?
1443
In base 5, what is -4020 - -3?
-4012
In base 4, what is -32333 + -12?
-33011
In base 13, what is 9c3 + -1?
9c2
In base 15, what is -1c7 - e?
-1d6
In base 10, what is -53 + 15?
-38
In base 12, what is 1 + 4?
5
In base 13, what is 32 + 19?
4b
In base 6, what is 4 - -30355?
30403
In base 13, what is -2a60 + -3?
-2a63
In base 7, what is 14 - -21?
35
In base 8, what is -24642 - 1?
-24643
In base 3, what is 1221110 - -112?
1221222
In base 6, what is -230 + -100?
-330
In base 8, what is -2 - -20?
16
In base 2, what is 100101010 + 100?
100101110
In base 12, what is -97 + 4?
-93
In base 7, what is -5 - 152?
-160
In base 15, what is 315 - 1c?
2e8
In base 14, what is -3 - -64c?
649
In base 11, what is 6 - 1243?
-1238
In base 16, what is 5 - 342?
-33d
In base 3, what is -110 - 2211?
-10021
In base 5, what is 1 - -21322?
21323
In base 10, what is 1159 + 1?
1160
In base 15, what is 3 - -8?
b
In base 5, what is -300 + -4?
-304
In base 15, what is -2b + -25?
-51
In base 11, what is -1 + -1?
-2
In base 2, what is -100 - -10011?
1111
In base 9, what is -2533 - 3?
-2536
In base 15, what is 10 - 3c?
-2c
In base 12, what is -6a - 14?
-82
In base 5, what is 3 - -13?
21
In base 14, what is 2 + -3c?
-3a
In base 8, what is -14 + -22?
-36
In base 11, what is 14 - -21?
35
In base 2, what is -100000 - 10011?
-110011
In base 4, what is -23023 - -11?
-23012
In base 11, what is -30 - -50?
20
In base 11, what is -10 + -15?
-25
In base 9, what is 157 - 2?
155
In base 6, what is 20 - 44?
-24
In base 6, what is -53 + -331?
-424
In base 7, what is 454 - 0?
454
In base 14, what is 1 - -15?
16
In base 4, what is 123 + 111?
300
In base 15, what is -19 - 5e2?
-60b
In base 6, what is 14235 + -14?
14221
In base 9, what is -1 - 2652?
-2653
In base 13, what is 3 - 49?
-46
In base 10, what is -356 - -1?
-355
In base 12, what is 125 + -3?
122
In base 12, what is -4a + -5?
-53
In base 12, what is -450 - 4?
-454
In base 15, what is -4 + -109?
-10d
In base 8, what is 11 + -22?
-11
In base 9, what is 325 - -1?
326
In base 8, what is -1770 - 2?
-1772
In base 15, what is 44 - 16?
2d
In base 2, what is -101000 + 1101?
-11011
In base 16, what is 4b - 1?
4a
In base 8, what is 0 + 406?
406
In base 3, what is -1011002 + -122?
-1011201
In base 4, what is 132213 - -3?
132222
In base 5, what is -10230 + 41?
-10134
In base 10, what is 5 + -138?
-133
In base 14, what is 0 + -2?
-2
In base 11, what is -4032 + 0?
-4032
In base 9, what is -15 - 0?
-15
In base 6, what is -110 + 253?
143
In base 15, what is a9 + 3?
ac
In base 6, what is -4 + 330?
322
In base 5, what is 4 - -232?
241
In base 13, what is -27b + -3?
-281
In base 4, what is -1110 + -2?
-1112
In base 7, what is 62 - -3?
65
In base 16, what is 1 + -54?
-53
In base 14, what is 12 + 3?
15
In base 2, what is -111000 + 100110?
-10010
In base 7, what is 4 + -6303?
-6266
In base 14, what is -14 - -16?
2
In base 8, what is -26 + -4?
-32
In base 6, what is -1 - 245?
-250
In base 3, what is -10010 - 11?
-10021
In base 12, what is -1 + -158?
-159
In base 4, what is -1201 + 2?
-1133
In base 9, what is -11 + -43?
-54
In base 6, what is 0 + 214?
214
In base 7, what is -114 - -45?
-36
In base 15, what is 2 - 63?
-61
In base 14, what is 7 + a?
13
In base 15, what is -2c95 - 4?
-2c99
In base 7, what is 116 + -1?
115
In base 12, what is -8 + 50?
44
In base 15, what is -22 - -1c?
-5
In base 5, what is -104323 + -3?
-104331
In base 16, what is 1 - -be4?
be5
In base 2, what is -10011001 + -11010?
-10110011
In base 2, what is -10 - 101111001?
-101111011
In base 5, what is -23 + -33213?
-33241
In base 4, what is 3300 - 133?
3101
In base 7, what is -3 + -144?
-150
In base 15, what is -d3 - -2?
-d1
In base 4, what is 11 + 211?
222
In base 9, what is -2 - 562?
-564
In base 5, what is -211 - -241?
30
In base 7, what is -45602 + -1?
-45603
In base 2, what is 1 - -110100?
110101
In base 7, what is 1050 + 5?
1055
In base 12, what is -16 + 10?
-6
In base 12, what is 6 + 43?
49
In base 10, what is 2 + -679?
-677
In base 13, what is -14a9 - -4?
-14a5
In base 8, what is 1 + -336?
-335
In base 13, what is 5 - -399?
3a1
In base 2, what is -11 + -100110?
-101001
In base